{"id":22,"date":"2017-12-05T08:19:43","date_gmt":"2017-12-05T08:19:43","guid":{"rendered":"http:\/\/sulixerver\/weboldal\/?page_id=22"},"modified":"2026-03-02T15:40:33","modified_gmt":"2026-03-02T14:40:33","slug":"dokumentumok","status":"publish","type":"page","link":"http:\/\/altisk-szederkeny.edu.hu\/weboldal\/?page_id=22","title":{"rendered":"Dokumentumok"},"content":{"rendered":"\n<p class=\"has-text-align-center has-medium-font-size\"><strong>Orsz\u00e1gos kompetenciam\u00e9r\u00e9s eredm\u00e9nyei<\/strong><\/p>\n\n\n\n<p><a href=\"https:\/\/okm.kir.hu\/fit\/JelentesLetoltese.aspx?parent=39645&amp;proc=14&amp;type=6\" target=\"_blank\" rel=\"noreferrer noopener\">Orsz\u00e1gos kompetenciam\u00e9r\u00e9s 2021 \u00f6sszefoglal\u00f3 jelent\u00e9s<\/a><\/p>\n\n\n\n<p><a href=\"https:\/\/okm.kir.hu\/fit\/JelentesLetoltese.aspx?parent=36981&amp;proc=12&amp;type=6\" target=\"_blank\" rel=\"noreferrer noopener\">Orsz\u00e1gos kompetenciam\u00e9r\u00e9s 2019 \u00f6sszefoglal\u00f3 jelent\u00e9s<\/a><\/p>\n\n\n\n<p><a href=\"https:\/\/okm.kir.hu\/fit\/JelentesLetoltese.aspx?parent=34326&amp;proc=11&amp;type=6\" target=\"_blank\" rel=\"noreferrer noopener\">Orsz\u00e1gos kompetenciam\u00e9r\u00e9s 2018 \u00f6sszefoglal\u00f3 jelent\u00e9s<\/a><\/p>\n\n\n\n<p><a href=\"https:\/\/okm.kir.hu\/fit\/JelentesLetoltese.aspx?parent=31691&amp;proc=10&amp;type=6\" target=\"_blank\" rel=\"noreferrer noopener\">Orsz\u00e1gos kompetenciam\u00e9r\u00e9s 2017 \u00f6sszefoglal\u00f3 jelent\u00e9s<\/a><\/p>\n\n\n\n<p class=\"has-text-align-center has-medium-font-size\"><strong>Alapdokumentumok<\/strong><\/p>\n\n\n\n<p class=\"has-medium-font-size\"><strong><a href=\"http:\/\/altisk-szederkeny.edu.hu\/weboldal\/wp-content\/uploads\/Scan_2026_03_02_13_56_12_885.pdf\" data-type=\"URL\" data-id=\"http:\/\/altisk-szederkeny.edu.hu\/weboldal\/wp-content\/uploads\/Scan_2026_03_02_13_56_12_885.pdf\">Panaszkezel\u00e9si szab\u00e1lyzat<\/a><\/strong><\/p>\n\n\n\n<p class=\"has-medium-font-size\"><strong><a href=\"http:\/\/altisk-szederkeny.edu.hu\/weboldal\/wp-content\/uploads\/Hazirend-2024-december.pdf\" data-type=\"URL\" data-id=\"http:\/\/altisk-szederkeny.edu.hu\/weboldal\/wp-content\/uploads\/Hazirend-2024-december.pdf\">H\u00e1zirend 2024-2025<\/a><\/strong><\/p>\n\n\n\n<p class=\"has-medium-font-size\"><strong><a href=\"http:\/\/altisk-szederkeny.edu.hu\/weboldal\/wp-content\/uploads\/munkaterv-honlapra.pdf\" data-type=\"URL\" data-id=\"http:\/\/altisk-szederkeny.edu.hu\/weboldal\/wp-content\/uploads\/munkaterv-honlapra.pdf\">Munkaterv 2024-2025<\/a><\/strong><\/p>\n\n\n\n<p class=\"has-medium-font-size\"><strong><a href=\"http:\/\/altisk-szederkeny.edu.hu\/weboldal\/wp-content\/uploads\/A-tanuloi-fegyelmi-eljaras-szabalyai-2023_10_22-1.pdf\" data-type=\"URL\" data-id=\"http:\/\/altisk-szederkeny.edu.hu\/weboldal\/wp-content\/uploads\/A-tanuloi-fegyelmi-eljaras-szabalyai-2023_10_22-1.pdf\">A tanul\u00f3i fegyelmi elj\u00e1r\u00e1s szab\u00e1lyai 2023.10.22-t\u0151l<\/a><\/strong><\/p>\n\n\n\n<p class=\"has-medium-font-size\"><a href=\"http:\/\/altisk-szederkeny.edu.hu\/weboldal\/wp-content\/uploads\/PEDPROG027312_1027312001-2.pdf\" data-type=\"URL\" data-id=\"http:\/\/altisk-szederkeny.edu.hu\/weboldal\/wp-content\/uploads\/PEDPROG027312_1027312001-2.pdf\"><strong>Pedag\u00f3giai Program 2024<\/strong><\/a><\/p>\n\n\n\n<p class=\"has-medium-font-size\"><a href=\"http:\/\/altisk-szederkeny.edu.hu\/weboldal\/wp-content\/uploads\/SZMSZ-2023.pdf\"><strong>SZMSZ 2023<\/strong><\/a><\/p>\n\n\n\n<p class=\"has-medium-font-size\"><a href=\"http:\/\/altisk-szederkeny.edu.hu\/weboldal\/wp-content\/uploads\/PSZE-intezmenyi-intezkedesi-terv-2022.pdf\"><strong>Tanfel\u00fcgyeleti ellen\u0151rz\u00e9s int\u00e9zked\u00e9si terve 2022-2027<\/strong><\/a><\/p>\n","protected":false},"excerpt":{"rendered":"<p>Orsz\u00e1gos kompetenciam\u00e9r\u00e9s eredm\u00e9nyei Orsz\u00e1gos kompetenciam\u00e9r\u00e9s 2021 \u00f6sszefoglal\u00f3 jelent\u00e9s Orsz\u00e1gos kompetenciam\u00e9r\u00e9s 2019 \u00f6sszefoglal\u00f3 jelent\u00e9s Orsz\u00e1gos kompetenciam\u00e9r\u00e9s 2018 \u00f6sszefoglal\u00f3 jelent\u00e9s Orsz\u00e1gos kompetenciam\u00e9r\u00e9s 2017 \u00f6sszefoglal\u00f3 jelent\u00e9s Alapdokumentumok Panaszkezel\u00e9si szab\u00e1lyzat H\u00e1zirend 2024-2025 Munkaterv 2024-2025 A tanul\u00f3i fegyelmi elj\u00e1r\u00e1s szab\u00e1lyai 2023.10.22-t\u0151l Pedag\u00f3giai Program 2024 SZMSZ 2023 Tanfel\u00fcgyeleti ellen\u0151rz\u00e9s int\u00e9zked\u00e9si terve 2022-2027<\/p>\n","protected":false},"author":1,"featured_media":0,"parent":0,"menu_order":0,"comment_status":"closed","ping_status":"closed","template":"","meta":{"ngg_post_thumbnail":0},"_links":{"self":[{"href":"http:\/\/altisk-szederkeny.edu.hu\/weboldal\/index.php?rest_route=\/wp\/v2\/pages\/22"}],"collection":[{"href":"http:\/\/altisk-szederkeny.edu.hu\/weboldal\/index.php?rest_route=\/wp\/v2\/pages"}],"about":[{"href":"http:\/\/altisk-szederkeny.edu.hu\/weboldal\/index.php?rest_route=\/wp\/v2\/types\/page"}],"author":[{"embeddable":true,"href":"http:\/\/altisk-szederkeny.edu.hu\/weboldal\/index.php?rest_route=\/wp\/v2\/users\/1"}],"replies":[{"embeddable":true,"href":"http:\/\/altisk-szederkeny.edu.hu\/weboldal\/index.php?rest_route=%2Fwp%2Fv2%2Fcomments&post=22"}],"version-history":[{"count":45,"href":"http:\/\/altisk-szederkeny.edu.hu\/weboldal\/index.php?rest_route=\/wp\/v2\/pages\/22\/revisions"}],"predecessor-version":[{"id":4412,"href":"http:\/\/altisk-szederkeny.edu.hu\/weboldal\/index.php?rest_route=\/wp\/v2\/pages\/22\/revisions\/4412"}],"wp:attachment":[{"href":"http:\/\/altisk-szederkeny.edu.hu\/weboldal\/index.php?rest_route=%2Fwp%2Fv2%2Fmedia&parent=22"}],"curies":[{"name":"wp","href":"https:\/\/api.w.org\/{rel}","templated":true}]}}