{"id":20,"date":"2017-12-05T08:19:01","date_gmt":"2017-12-05T08:19:01","guid":{"rendered":"http:\/\/sulixerver\/weboldal\/?page_id=20"},"modified":"2026-01-08T08:18:15","modified_gmt":"2026-01-08T07:18:15","slug":"tanarok","status":"publish","type":"page","link":"http:\/\/altisk-szederkeny.edu.hu\/weboldal\/?page_id=20","title":{"rendered":"Tan\u00e1rok"},"content":{"rendered":"<h1 style=\"text-align: center;\">Iskol\u00e1nk Tan\u00e1rai<\/h1>\n<table style=\"border: 5px double; border-collapse: separate; border-spacing: 2px; width: 100%; height: 996px;\" cellspacing=\"2\">\n<tbody>\n<tr style=\"height: 26px;\">\n<th style=\"background-color: grey; height: 26px; width: 29.4047%;\"><strong><span style=\"font-size: 15pt;\">N\u00e9v<\/span><\/strong><\/th>\n<th style=\"background-color: grey; height: 26px; width: 68.6905%;\"><strong><span style=\"font-size: 15pt;\">V\u00e9gzetts\u00e9g, Munkak\u00f6r<\/span><\/strong><\/th>\n<\/tr>\n<tr style=\"height: 23px;\">\n<td style=\"width: 29.4047%; vertical-align: middle;\">K\u00e1llai Csilla<\/td>\n<td style=\"width: 68.6905%; vertical-align: middle;\">igazgat\u00f3, magyar t\u00f6rt\u00e9nelem szakos tan\u00e1r<\/td>\n<\/tr>\n<tr style=\"height: 23px;\">\n<td style=\"height: 23px; vertical-align: middle; width: 29.4047%;\">Turi Zs\u00f3fia<\/td>\n<td style=\"height: 23px; width: 68.6905%;\">igazgat\u00f3helyettes, matematika \u00e1ltal\u00e1nos iskolai \u00e9s informatika k\u00f6z\u00e9piskolai tan\u00e1r<\/td>\n<\/tr>\n<tr style=\"height: 23px;\">\n<td style=\"height: 23px; width: 29.4047%;\">Bed\u0151 Ilona<\/td>\n<td style=\"height: 23px; width: 68.6905%;\">magyar nyelv \u00e9s irodalom szakos tan\u00e1r<\/td>\n<\/tr>\n<tr style=\"height: 23px;\">\n<td style=\"width: 29.4047%;\">Fischer N\u00f3ra<\/td>\n<td style=\"width: 68.6905%;\">\u00e1ltal\u00e1nos iskolai tan\u00edt\u00f3<\/td>\n<\/tr>\n<tr style=\"height: 46px;\">\n<td style=\"height: 46px; width: 29.4047%;\">G\u0151bel Andrea<\/td>\n<td style=\"height: 46px; width: 68.6905%;\">n\u00e9met nemzetis\u00e9gi tan\u00edt\u00f3 \u00e9s nyelv szakos tan\u00e1r<\/td>\n<\/tr>\n<tr style=\"height: 23px;\">\n<td style=\"height: 23px; width: 29.4047%;\">Gyenis Martin Ferenc<\/td>\n<td style=\"height: 23px; width: 68.6905%;\">f\u00f6ldrajz-testnevel\u00e9s szakos tan\u00e1r<\/td>\n<\/tr>\n<tr style=\"height: 46px;\">\n<td style=\"height: 46px; width: 29.4047%;\">K\u00f6ves Gabriella<\/td>\n<td style=\"height: 46px; width: 68.6905%;\">\u00e1ltal\u00e1nos iskolai tan\u00edt\u00f3<\/td>\n<\/tr>\n<tr style=\"height: 46px;\">\n<td style=\"height: 46px; width: 29.4047%;\">Lakatos Blanka<\/td>\n<td style=\"height: 46px; width: 68.6905%;\">k\u00f6rnyezetkutat\u00f3<\/td>\n<\/tr>\n<tr style=\"height: 23px;\">\n<td style=\"height: 23px; width: 29.4047%;\">Leitg\u00e9b-Moln\u00e1r Gy\u00f6ngyv\u00e9r<\/td>\n<td style=\"height: 23px; width: 68.6905%;\">\u00e9nek-zene tan\u00e1r<\/td>\n<\/tr>\n<tr style=\"height: 23px;\">\n<td style=\"height: 23px; width: 29.4047%;\">Marosekn\u00e9 Fodor Judit<\/td>\n<td style=\"height: 23px; width: 68.6905%;\">matematika-informatika szakos tan\u00e1r<\/td>\n<\/tr>\n<tr style=\"height: 46px;\">\n<td style=\"height: 46px; width: 29.4047%;\">Monyor\u00f3di Roland<\/td>\n<td style=\"height: 46px; width: 68.6905%;\">n\u00e9met nemzetis\u00e9gi nyelv szakos \u00e1ltal\u00e1nos iskolai tan\u00e1r<\/td>\n<\/tr>\n<tr style=\"height: 46px;\">\n<td style=\"height: 46px; width: 29.4047%;\">Orb\u00e1n Tibor Attila<\/td>\n<td style=\"height: 46px; width: 68.6905%;\">testnevel\u00e9s szakos tan\u00e1r, tan\u00edt\u00f3<\/td>\n<\/tr>\n<tr style=\"height: 46px;\">\n<td style=\"height: 46px; width: 29.4047%;\">Papula Ir\u00e9n<\/td>\n<td style=\"height: 46px; width: 68.6905%;\">\u00e1ltal\u00e1nos iskolai tan\u00edt\u00f3<\/td>\n<\/tr>\n<tr style=\"height: 23px;\">\n<td style=\"height: 23px; width: 29.4047%;\">Pfeil G\u00e1bor<\/td>\n<td style=\"height: 23px; width: 68.6905%;\">\u00e1ltal\u00e1nos iskolai tan\u00edt\u00f3<\/td>\n<\/tr>\n<tr style=\"height: 23px;\">\n<td style=\"height: 23px; width: 29.4047%;\">Tak\u00e1cs T\u00edmea<\/td>\n<td style=\"height: 23px; width: 68.6905%;\">n\u00e9met nemzetis\u00e9gi tan\u00edt\u00f3<\/td>\n<\/tr>\n<tr style=\"height: 23px;\">\n<td style=\"height: 23px; width: 29.4047%;\">V\u00e1radi Rita<\/td>\n<td style=\"height: 23px; width: 68.6905%;\">n\u00e9met nyelv szakos tan\u00e1r<\/td>\n<\/tr>\n<tr style=\"height: 46px;\">\n<td style=\"width: 29.4047%; vertical-align: middle; height: 46px;\">Zsebe G\u00e1born\u00e9<\/td>\n<td style=\"height: 46px; width: 68.6905%;\">tanul\u00e1sban akad\u00e1lyozottak gy\u00f3gypedag\u00f3gi\u00e1ja szakos tan\u00e1r, \u00e1ltal\u00e1nos iskolai tan\u00edt\u00f3<\/td>\n<\/tr>\n<\/tbody>\n<\/table>\n","protected":false},"excerpt":{"rendered":"<p>Iskol\u00e1nk Tan\u00e1rai N\u00e9v V\u00e9gzetts\u00e9g, Munkak\u00f6r K\u00e1llai Csilla igazgat\u00f3, magyar t\u00f6rt\u00e9nelem szakos tan\u00e1r Turi Zs\u00f3fia igazgat\u00f3helyettes, matematika \u00e1ltal\u00e1nos iskolai \u00e9s informatika k\u00f6z\u00e9piskolai tan\u00e1r Bed\u0151 Ilona magyar nyelv \u00e9s irodalom szakos tan\u00e1r Fischer N\u00f3ra \u00e1ltal\u00e1nos iskolai tan\u00edt\u00f3 G\u0151bel Andrea n\u00e9met nemzetis\u00e9gi tan\u00edt\u00f3 \u00e9s nyelv szakos tan\u00e1r Gyenis Martin Ferenc f\u00f6ldrajz-testnevel\u00e9s szakos tan\u00e1r \u2026 <a class=\"continue-reading-link\" href=\"http:\/\/altisk-szederkeny.edu.hu\/weboldal\/?page_id=20\"> Continue reading <span class=\"meta-nav\">&rarr; <\/span><\/a><\/p>\n","protected":false},"author":1,"featured_media":0,"parent":0,"menu_order":0,"comment_status":"closed","ping_status":"closed","template":"","meta":{"ngg_post_thumbnail":0},"_links":{"self":[{"href":"http:\/\/altisk-szederkeny.edu.hu\/weboldal\/index.php?rest_route=\/wp\/v2\/pages\/20"}],"collection":[{"href":"http:\/\/altisk-szederkeny.edu.hu\/weboldal\/index.php?rest_route=\/wp\/v2\/pages"}],"about":[{"href":"http:\/\/altisk-szederkeny.edu.hu\/weboldal\/index.php?rest_route=\/wp\/v2\/types\/page"}],"author":[{"embeddable":true,"href":"http:\/\/altisk-szederkeny.edu.hu\/weboldal\/index.php?rest_route=\/wp\/v2\/users\/1"}],"replies":[{"embeddable":true,"href":"http:\/\/altisk-szederkeny.edu.hu\/weboldal\/index.php?rest_route=%2Fwp%2Fv2%2Fcomments&post=20"}],"version-history":[{"count":20,"href":"http:\/\/altisk-szederkeny.edu.hu\/weboldal\/index.php?rest_route=\/wp\/v2\/pages\/20\/revisions"}],"predecessor-version":[{"id":4294,"href":"http:\/\/altisk-szederkeny.edu.hu\/weboldal\/index.php?rest_route=\/wp\/v2\/pages\/20\/revisions\/4294"}],"wp:attachment":[{"href":"http:\/\/altisk-szederkeny.edu.hu\/weboldal\/index.php?rest_route=%2Fwp%2Fv2%2Fmedia&parent=20"}],"curies":[{"name":"wp","href":"https:\/\/api.w.org\/{rel}","templated":true}]}}