{"id":18,"date":"2017-12-05T08:18:49","date_gmt":"2017-12-05T08:18:49","guid":{"rendered":"http:\/\/sulixerver\/weboldal\/?page_id=18"},"modified":"2025-10-03T09:49:51","modified_gmt":"2025-10-03T07:49:51","slug":"iskolai-programok","status":"publish","type":"page","link":"http:\/\/altisk-szederkeny.edu.hu\/weboldal\/?page_id=18","title":{"rendered":"Fogad\u00f3\u00f3r\u00e1k"},"content":{"rendered":"<table style=\"border: 5px double; border-collapse: separate; border-spacing: 2px; width: 100%; height: 394px;\" cellspacing=\"2\">\n<tbody>\n<tr style=\"height: 26px;\">\n<th style=\"text-align: center; background-color: grey; height: 26px;\"><strong><span style=\"font-size: 15pt;\">Sorsz\u00e1m<\/span><\/strong><\/th>\n<th style=\"background-color: grey; height: 26px;\"><strong><span style=\"font-size: 15pt;\">N\u00e9v<\/span><\/strong><\/th>\n<th style=\"background-color: grey; height: 26px;\"><strong><span style=\"font-size: 15pt;\">Egy\u00e9ni Fogad\u00f3\u00f3ra<\/span><\/strong><\/th>\n<\/tr>\n<tr style=\"height: 23px;\">\n<td style=\"text-align: center; height: 23px;\">1.<\/td>\n<td style=\"height: 23px;\">K\u00e1llai Csilla<\/td>\n<td style=\"height: 23px;\">H\u00e9tf\u0151 (9:05-9:50)<\/td>\n<\/tr>\n<tr style=\"height: 23px;\">\n<td style=\"text-align: center; height: 23px;\">2.<\/td>\n<td style=\"height: 23px;\">Turi Zs\u00f3fia<\/td>\n<td style=\"height: 23px;\">Szerda (10:05-10:50)<\/td>\n<\/tr>\n<tr style=\"height: 23px;\">\n<td style=\"text-align: center; height: 23px;\">3.<\/td>\n<td style=\"height: 23px;\">Bed\u0151 Ilona<\/td>\n<td style=\"height: 23px;\">Szerda (11:00-11:45)<\/td>\n<\/tr>\n<tr style=\"height: 23px;\">\n<td style=\"text-align: center; height: 23px;\">4.<\/td>\n<td style=\"height: 23px;\">Fischer N\u00f3ra<\/td>\n<td style=\"height: 23px;\">Szerda (11:55-12:40)<\/td>\n<\/tr>\n<tr style=\"height: 23px;\">\n<td style=\"text-align: center; height: 23px;\">5.<\/td>\n<td style=\"height: 23px;\">G\u0151bel Andrea<\/td>\n<td style=\"height: 23px;\">Kedd (11:00-11:45)<\/td>\n<\/tr>\n<tr style=\"height: 23px;\">\n<td style=\"text-align: center; height: 23px;\">6.<\/td>\n<td style=\"height: 23px;\">Gyenis Martin Ferenc<\/td>\n<td style=\"height: 23px;\">Kedd (9:05-9:50)<\/td>\n<\/tr>\n<tr style=\"height: 23px;\">\n<td style=\"text-align: center; height: 23px;\">7.<\/td>\n<td style=\"height: 23px;\">K\u00f6ves Gabriella<\/td>\n<td style=\"height: 23px;\">Cs\u00fct\u00f6rt\u00f6k (10:05-10:50)<\/td>\n<\/tr>\n<tr style=\"height: 23px;\">\n<td style=\"text-align: center; height: 23px;\">8.<\/td>\n<td style=\"height: 23px;\">Lakatos Blanka<\/td>\n<td style=\"height: 23px;\">P\u00e9ntek (11:55-12:40)<\/td>\n<\/tr>\n<tr style=\"height: 23px;\">\n<td style=\"text-align: center; height: 23px;\">9.<\/td>\n<td style=\"height: 23px;\">Marosekn\u00e9 Fodor Judit<\/td>\n<td style=\"height: 23px;\">P\u00e9ntek (10:05-10:50)<\/td>\n<\/tr>\n<tr style=\"height: 23px;\">\n<td style=\"text-align: center; height: 23px;\">10.<\/td>\n<td style=\"height: 23px;\">Monyor\u00f3di Roland<\/td>\n<td style=\"height: 23px;\">H\u00e9tf\u0151 (9:05-9:50)<\/td>\n<\/tr>\n<tr style=\"height: 23px;\">\n<td style=\"text-align: center; height: 23px;\">11.<\/td>\n<td style=\"height: 23px;\">Orb\u00e1n Tibor Attila<\/td>\n<td style=\"height: 23px;\">H\u00e9tf\u0151 (9:05-9:50)<\/td>\n<\/tr>\n<tr style=\"height: 23px;\">\n<td style=\"text-align: center; height: 23px;\">12.<\/td>\n<td style=\"height: 23px;\">Papula Ir\u00e9n<\/td>\n<td style=\"height: 23px;\">H\u00e9tf\u0151 (10:05-10:50)<\/td>\n<\/tr>\n<tr style=\"height: 23px;\">\n<td style=\"text-align: center; height: 23px;\">13.<\/td>\n<td style=\"height: 23px;\">Pfeil G\u00e1bor<\/td>\n<td style=\"height: 23px;\">H\u00e9tf\u0151 (11:00-11:45)<\/td>\n<\/tr>\n<tr style=\"height: 23px;\">\n<td style=\"text-align: center; height: 23px;\">14.<\/td>\n<td style=\"height: 23px;\">Tak\u00e1cs T\u00edmea<\/td>\n<td style=\"height: 23px;\">Kedd (9:05-9:50)<\/td>\n<\/tr>\n<tr style=\"height: 23px;\">\n<td style=\"text-align: center; height: 23px;\">15.<\/td>\n<td style=\"height: 23px;\">V\u00e1radi Rita<\/td>\n<td style=\"height: 23px;\">H\u00e9tf\u0151 (9:05-9:50)<\/td>\n<\/tr>\n<tr style=\"height: 23px;\">\n<td style=\"text-align: center; height: 23px;\">16.<\/td>\n<td style=\"height: 23px;\">Zsebe G\u00e1born\u00e9<\/td>\n<td style=\"height: 23px;\">Kedd (10:05-10:50)<\/td>\n<\/tr>\n<\/tbody>\n<\/table>\n","protected":false},"excerpt":{"rendered":"<p>Sorsz\u00e1m N\u00e9v Egy\u00e9ni Fogad\u00f3\u00f3ra 1. K\u00e1llai Csilla H\u00e9tf\u0151 (9:05-9:50) 2. Turi Zs\u00f3fia Szerda (10:05-10:50) 3. Bed\u0151 Ilona Szerda (11:00-11:45) 4. Fischer N\u00f3ra Szerda (11:55-12:40) 5. G\u0151bel Andrea Kedd (11:00-11:45) 6. Gyenis Martin Ferenc Kedd (9:05-9:50) 7. K\u00f6ves Gabriella Cs\u00fct\u00f6rt\u00f6k (10:05-10:50) 8. Lakatos Blanka P\u00e9ntek (11:55-12:40) 9. Marosekn\u00e9 Fodor Judit P\u00e9ntek \u2026 <a class=\"continue-reading-link\" href=\"http:\/\/altisk-szederkeny.edu.hu\/weboldal\/?page_id=18\"> Continue reading <span class=\"meta-nav\">&rarr; <\/span><\/a><\/p>\n","protected":false},"author":1,"featured_media":0,"parent":0,"menu_order":0,"comment_status":"closed","ping_status":"closed","template":"","meta":{"ngg_post_thumbnail":0},"_links":{"self":[{"href":"http:\/\/altisk-szederkeny.edu.hu\/weboldal\/index.php?rest_route=\/wp\/v2\/pages\/18"}],"collection":[{"href":"http:\/\/altisk-szederkeny.edu.hu\/weboldal\/index.php?rest_route=\/wp\/v2\/pages"}],"about":[{"href":"http:\/\/altisk-szederkeny.edu.hu\/weboldal\/index.php?rest_route=\/wp\/v2\/types\/page"}],"author":[{"embeddable":true,"href":"http:\/\/altisk-szederkeny.edu.hu\/weboldal\/index.php?rest_route=\/wp\/v2\/users\/1"}],"replies":[{"embeddable":true,"href":"http:\/\/altisk-szederkeny.edu.hu\/weboldal\/index.php?rest_route=%2Fwp%2Fv2%2Fcomments&post=18"}],"version-history":[{"count":29,"href":"http:\/\/altisk-szederkeny.edu.hu\/weboldal\/index.php?rest_route=\/wp\/v2\/pages\/18\/revisions"}],"predecessor-version":[{"id":4101,"href":"http:\/\/altisk-szederkeny.edu.hu\/weboldal\/index.php?rest_route=\/wp\/v2\/pages\/18\/revisions\/4101"}],"wp:attachment":[{"href":"http:\/\/altisk-szederkeny.edu.hu\/weboldal\/index.php?rest_route=%2Fwp%2Fv2%2Fmedia&parent=18"}],"curies":[{"name":"wp","href":"https:\/\/api.w.org\/{rel}","templated":true}]}}